 Is j prime?
False
Let w(h) = -h**3 - 3*h + 2*h**3 + 1 + 2*h - 5 - h**2. Let r be w(0). Let v(n) = 4*n**2 + 5*n + 5. Is v(r) a prime number?
False
Suppose 3*h - 4*r - 20 = 0, -4*r + 11 = 4*h + 3. Suppose -4*l = -5*o - 100 + 343, -8 = h*l. Suppose 4*m - f + 17 = 225, -m = f - o. Is m prime?
False
Let q be (-5 - 1)/3 + 0. Is q/(-7) - (-229)/7 a prime number?
False
Suppose 5*y = 3*c - 29 + 210, 0 = -5*y + 2*c + 179. Suppose -2*q - y = 19. Is ((-44)/6)/(6/q) a composite number?
True
Suppose -3*f = -3*o + 1011 - 3510, f = 3*o + 2491. Let k = -362 - o. Is k a composite number?
False
Suppose -5*k + 104 + 191 = 0. Is k a composite number?
False
Suppose -3 = -j - 1, -30 = -5*g - 5*j. Let l(w) = -w**3 - 5*w**2 - 2*w - 7. Let p be l(-5). Suppose -p*o = -g*o + 38. Is o a composite number?
True
Let v(d) = -d**3 - 7*d**2 + d + 7. Let r be v(-7). Suppose 0 = 5*l + 5*w - 105, -3*w + w - 4 = r. Is l a prime number?
True
Suppose 0 = -2*m + m + 18. Is m/30 + 1982/5 prime?
True
Let a(j) = j + 6. Let k be a(-8). Is ((-34)/(-3))/(k/(-6)) prime?
False
Suppose 6*i = -i + 6223. Is i a composite number?
True
Let g be 5*(0 - 9/(-15)). Suppose q - z = 23, -2*z + 92 = g*q + q. Is q a composite number?
False
Suppose 4*x = x + 1191. Is x composite?
False
Let r(l) = -27*l - 1. Is r(-6) prime?
False
Suppose -6*k = -k + 15. Let l = k + 7. Is l/(8/18) + 2 a composite number?
False
Let v = -122 + 913. Is v a composite number?
True
Let k = 388 - 261. Is k a prime number?
True
Let x(c) = 49*c - 1. Let k be x(9). Suppose -5*f + k = -260. Suppose -5*a - 5*z + f = 0, -3*a + 109 = z + 29. Is a a composite number?
True
Let n(t) = -t**2 - 6*t + 3. Let b be n(-5). Suppose -6*v = -b*v + 178. Suppose 2*p - p = v. Is p a prime number?
True
Let j = -10 + 6. Let f = j - -9. Suppose -f*b = 1 + 4, -5*b - 42 = -z. Is z composite?
False
Suppose 108 = 2*c - 86. Is c a prime number?
True
Suppose -p - 442 = -3*p. Is p a composite number?
True
Let p(k) = -k - 77. Let r be p(0). Let m = 26 - r. Is m a prime number?
True
Let k(s) = 471*s**3 - 4*s**2 + 3*s + 3. Is k(2) prime?
True
Let h(d) = -33*d**3 - 2*d - 2. Let s be 2*(0 - 1)/1. Let m be h(s). Suppose 5*p - 164 = m. Is p prime?
False
Let t be ((-30)/(-25))/((-2)/(-5)). Suppose 0 = -3*y - 15, 4*i - 72 - 295 = -y. Suppose 0*k + 2*k + i = t*c, 2*k = 5*c - 155. Is c composite?
False
Let p(z) = 20*z**2 + 9*z - 7. Is p(-8) a prime number?
True
Suppose 13078 = 5*n + 3*w + 875, -7349 = -3*n + 5*w. Is n a prime number?
False
Let h = -10 - 29. Let b be (h/(-2))/((-3)/(-52)). Suppose 0 = -5*c + b - 53. Is c composite?
True
Suppose 4*f + 13 = 5. Let h be (f/6)/((-5)/75). Suppose -208 = h*c - 543. Is c prime?
True
Suppose 0 = j + 4*j. Suppose -2*w - 5*o = -j*o - 303, 5*w + o - 700 = 0. Is w a composite number?
False
Let m(c) = 3*c - 12. Let b be m(5). Suppose 427 = -b*w + 1540. Is w a prime number?
False
Let z be -32 - -2*(-2 + 1). Let j = 158 + -111. Let u = j + z. Is u prime?
True
Let p(u) be the first derivative of u**3/3 + 3*u**2/2 + 6*u + 1. Let h(f) = 3*f + 5. Let r(b) = -6*h(b) + 5*p(b). Is r(2) a prime number?
False
Suppose -3*p - 687 + 12 = 0. Let o = p + 518. Is o a prime number?
True
Suppose 0 = -3*o + 6*o - 3528. Suppose 4*y - 3*y + o = 4*z, 5*z - y = 1469. Is z composite?
False
Is ((-844)/6)/((-4)/6) prime?
True
Suppose -1 = z + 3. Let w = z - -8. Suppose -3*c = -b + w*b - 30, 4*c = -3*b + 25. Is b a prime number?
False
Is 84 - (4/2)/2 prime?
True
Suppose -8*x = -4*x - 864. Suppose 449 = 5*v - x. Is v a prime number?
False
Suppose -10*h + 6*h + 20 = 0. Is (14/(-6))/(h/(-165)) a prime number?
False
Let k(s) = -s**2 - s + 681. Let y(v) = v**2 + 3*v. Let f be y(-3). Is k(f) a prime number?
False
Is 6/(-4) + (-2975)/(-14) a prime number?
True
Suppose 1 = 2*u - 3. Let c(s) = 3 + 6*s**2 - 2*s + 2*s + u*s. Is c(-2) a prime number?
True
Let x be (-8)/5*(-3765)/6. Let i be (x/12)/((-2)/(-6)). Let a = 360 - i. Is a composite?
False
Suppose -h + 0*h + 5*y = -23, -h - 5*y = -13. Suppose -3*r = -0*r - h. Is 4/r*114/4 a composite number?
False
Is (0 - -1923)*3/9 a prime number?
True
Let f(v) = 29*v**2 - v. Let s be f(1). Suppose 4*w - 4*o - 84 = 0, -3*w - 2*o - 2*o + s = 0. Let m = 6 + w. Is m prime?
False
Let p(v) = 688*v**3 + 4*v**2 - 5*v - 1. Is p(2) a prime number?
False
Suppose 14986 = 5*o - 4*f - 7087, -3*o - 2*f + 13257 = 0. Is o a composite number?
True
Let k(b) = -90*b + 1. Is k(-3) a composite number?
False
Let o(y) = 4*y - 1. Let x be o(-5). Is 518/x*9/(-2) a composite number?
True
Let i = -10 - -14. Let s = 18 + i. Is s composite?
True
Let g(v) = -3*v**3 - 5*v**2 + v + 7. Is g(-6) composite?
True
Let s = -38 - -19. Let p = 86 + s. Is p a prime number?
True
Suppose 0 = -4*b + b + 4911. Is b prime?
True
Let g be -4 + 0 + 3 + 4. Suppose 0 = 4*j - 5*p - 36, 0 - 12 = -g*p. Is j prime?
False
Let s(w) = 87*w**2 - 4*w - 3. Is s(-2) prime?
True
Suppose 0 = -5*b - 3*g + 1106, -3*b + 2*g + 437 + 238 = 0. Is b composite?
False
Suppose 15 = 3*o, -o = 3*z + 19 - 117. Is z composite?
False
Let i be 90/(6/(-2)) + 3. Let t = 64 + i. Is t composite?
False
Let c(t) = -t**2 - 6*t + 7. Let x = 4 + -11. Let u be c(x). Let h(r) = r**3 + 25. Is h(u) a prime number?
False
Suppose 8 + 3 = d. Let g be d/3 + 4/(-6). Suppose 0*y - 2*p = 2*y - 72, -g*p - 48 = -y. Is y a composite number?
True
Let i(o) = -37*o**2 - 4*o - 2. Let q be i(5). Let z = 1570 + q. Is z composite?
True
Let i(t) = -t + 1. Let y(a) = -23*a + 10. Let x(w) = -6*i(w) + y(w). Let d be (-70)/8 + 2/(-8). Is x(d) composite?
False
Let w(v) = 0*v + 15*v**2 - 4*v + 0*v + 3. Is w(2) a prime number?
False
Let a be ((-1)/(-1))/1 + 19. Suppose a = 2*z - 8. Is z prime?
False
Suppose 2*f - 6*f + 36 = 0. Let k = 14 - f. Suppose -45 = -2*d + d - 5*z, -5*z + 185 = k*d. Is d composite?
True
Let t(l) = -168*l - 11. Is t(-7) composite?
True
Suppose -5*o = 5, 5*w - 2*o = -100 + 657. Let l = -150 - -96. Let y = l + w. Is y composite?
True
Is (5 - 3) + (3 - -2318) a prime number?
False
Is (-3)/(-6)*0 - -259 a composite number?
True
Let n(o) = -o**3 + 7*o**2 - 4*o - 7. Let p(f) = -f**3 - 8*f**2 + 8*f - 3. Let r be p(-9). Let z be n(r). Suppose -183 - 32 = -z*t. Is t a composite number?
False
Let l = -35 + 102. Suppose t = 169 + 61. Let h = t - l. Is h a prime number?
True
Suppose -f + 16 = 5*o, 0*o = 4*o + f - 13. Suppose -o*h + 122 = -79. Is h composite?
False
Let j = -4 - 0. Let q(b) = -b**2 + 2*b + 2. Let x be q(4). Is (2/x)/(j/84) prime?
True
Let o = 600 - 349. Is o a composite number?
False
Suppose -3*g + 3*i + 84 + 183 = 0, -g + 3*i + 89 = 0. Is g a prime number?
True
Is (-1184)/(-24)*6/4 prime?
False
Let t(w) = -69*w + 1. Let o(m) = 70*m - 2. Let s(l) = 4*o(l) + 5*t(l). Is s(-4) a composite number?
False
Suppose 0*q - 3*c - 46 = -5*q, -5*c + 26 = q. Let p(k) = -k**3 + 13*k**2 + 4*k + 7. Is p(q) a composite number?
False
Let h = 17 + -13. Suppose -327 = -h*d + 605. Is d a composite number?
False
Suppose 5*b - 652 = 4*j, 0 = j + 2*b + 138 + 12. Is (-3 - (-10)/4)*j a composite number?
False
Suppose 4 + 11 = 3*h. Let k = 8 + h. Is k a prime number?
True
Suppose -2*a + 945 = v, -5*a - 4464 = -4*v - 619. Is v a prime number?
False
Let k(n) = n - 2. Let a be k(4). Let h be ((-4)/a)/((-3)/(-6)). Let z = 115 - h. Is z prime?
False
Let x be (-3 - -75)*3/(-4). Let i = 121 + x. Is i a prime number?
True
Let t(i) be the first derivative of 11*i**4/4 + 3*i**2/2 - 3*i + 1. Is t(2) a composite number?
True
Suppose -5*j - t - 3*t + 269 = 0, 5*t - 217 = -4*j. Is j a prime number?
True
Let d(z) = -4*z**2 + 7*z**2 + 3 - 5 + 6*z - 2*z**2. Let q be d(-5). Let x = q - -40. Is x composite?
True
Let m(g) = 3*g**2 - 5*g - 9. Let l(r) = -7*r**2 + 10*r + 19. Let w(s) = -2*l(s) - 5*m(s). Let j be w(5). Suppose -j*o + 3*o = -844. Is o a composite number?
False
Let a(u) = u**3 - 7*u**2 + 5*u + 3. Let i be a(6). Is (114 + i - 2)/1 a prime number?
True
Let l be (4 + -5)/(2/(-8)). Let m be ((-6)/8)/(5/(-120)). Suppose m = 2*j + l*u, 3*u + 4 = j - 0*u. Is j a composite number?
False
Let b(y) be the third derivative of 0 - 5/6*y**3 + 2*y**2 + 0*y + 1/2*y**4. Is b(5) composite?
True
Let a be (-18)/(-2) + 2 + -4. Let g = a - 2. Is 6/g*5/1 composite?
True
Let u = 1628 + -369. Is u prime?
True
Suppose 4*s - 9 = 3. Is 4029/6 - s/(-2) a composite number?
False
Sup